se -f - x + 211 = -2*x, 430 = 2*f + 2*x. Suppose -2*i - 4*t = -118, 4*i - 38 = -3*t + f. Calculate the remainder when i is divided by 22.
21
Let r be (12/8)/((-2)/24). Let w = r + 23. What is the remainder when w is divided by 2?
1
Let u(x) = -4*x - 5. Let v be u(-6). Suppose -v - 16 = -j. Calculate the remainder when j is divided by 12.
11
Let z = -7 - -12. Calculate the remainder when 12 is divided by z.
2
Let g(b) = -b**3 - 3*b**2 - 2*b - 1. Calculate the remainder when 7 is divided by g(-3).
2
Suppose -5*g + 10 = i - 129, 2*i = 8. Calculate the remainder when 52 is divided by g.
25
Suppose 3*c - 2*c - 62 = -4*f, 0 = -4*c + 2*f + 194. What is the remainder when c is divided by 7?
1
Suppose j + 45 - 54 = 0. Calculate the remainder when 44 is divided by j.
8
Let a = 22 + 6. Calculate the remainder when 110 is divided by a.
26
Suppose 4*l = -l + 355. What is the remainder when l is divided by 37?
34
Suppose 236 = 4*z - 3*y, -4*y + 7 = -z + 53. Calculate the remainder when z is divided by 7.
6
Let f(t) = -t**2 + 8*t + 1. Let n = 52 + -87. Calculate the remainder when n*(-3 + (-13)/(-5)) is divided by f(7).
6
Suppose 54 = 3*r - 2*r. Calculate the remainder when r is divided by 19.
16
Suppose -15 = 3*r, 4*h + 5*r - 7 = 48. Let u = 28 - h. Calculate the remainder when 22 is divided by u.
6
Let x(f) = -4*f - 3. Suppose -l - 2*l - v + 36 = 0, 3*v - 43 = -4*l. What is the remainder when x(-10) is divided by l?
11
Suppose -45 = -9*v + 6*v. Let t(c) = -c**3 - 2*c**2. Let a be t(-2). Suppose x - 2*x + v = a. What is the remainder when 28 is divided by x?
13
Suppose 2*g + 3 = -z - 3*g, 2*g = -4. Suppose 5*k - 3*v = -11, -v + z = 2*k - 6*v. Let j(p) = -p**2 - 4*p + 1. What is the remainder when j(k) is divided by 1?
0
Let f(r) = -r + 1. Let j be f(-1). Suppose -4*m - 46 = -2*s, -j*m - 33 = -2*s + 5. Calculate the remainder when 29 is divided by s.
14
Let x(u) = 8*u**3 + u**2 - u. Let i be x(1). Let t = -9 + i. Let m = 0 - t. What is the remainder when 3 is divided by m?
0
Let o(b) = 3 - 2*b - 3. What is the remainder when 27 is divided by o(-7)?
13
Let h(b) = b**3 - 9*b**2 - 10*b + 2. Let y be h(10). Suppose 0*x + 50 = y*x. Calculate the remainder when x is divided by 14.
11
Let n = 1042 + -625. What is the remainder when n is divided by 70?
67
Let n = -16 - -32. Suppose 4*o - n = -4*l, 0*l - 3 = 3*l. Suppose -2*v + 2*k = -11 - 7, -k + 51 = o*v. Calculate the remainder when v is divided by 4.
2
What is the remainder when 6580/210*(-6)/(-4) is divided by (-220)/(-14) + 2/7?
15
Let i = 8 - 8. Suppose -s + 2*s - 2 = i. What is the remainder when 3 is divided by s?
1
Let k = -45 - -106. Suppose 1 - k = -5*p + 4*x, 4*x = 4*p - 44. Calculate the remainder when 47 is divided by p.
15
Let z(g) = -g + 7. Let k be z(6). Let b be 1/k + (67 - 0). What is the remainder when 41 is divided by (-6)/18 - b/(-6)?
8
Let i(q) = -q**2 + 17*q - 12. Let c be i(15). Let a(n) = 2*n - 23. What is the remainder when a(c) is divided by 5?
3
Let p(h) = -h**2 - 14*h - 8. Calculate the remainder when p(-7) is divided by 16.
9
Calculate the remainder when 1 + -2 - 0 - (-27 - -8) is divided by 12.
6
Suppose 27 + 113 = 2*k. Let l(z) = -z**2 + 4*z + 6. Let u be l(5). Let a = 23 + u. What is the remainder when k is divided by a?
22
Let g be (-12)/9*(-9)/6. Suppose 5*k - 19 = -0*i - g*i, 2*k - 9 = -i. What is the remainder when 12 is divided by i?
5
Suppose -5*f + 184 = 24. Calculate the remainder when 61 is divided by f.
29
Let t be ((-3 + 2)*-2)/1. Let r be (1 + 2 - 2)*t. Suppose -4*m - 21 = -f, m = -r*f - f + 11. Calculate the remainder when 13 is divided by f.
3
Suppose 0 = -2*c - 6*c + 136. What is the remainder when 31 is divided by c?
14
Let h = 18 + -8. Calculate the remainder when 49 is divided by h.
9
Let l(k) = -51*k - 3. Let o be l(-4). Suppose 5*g + 3*u = -456, 2*u - 7*u + o = -2*g. What is the remainder when (g + 7)*(-1)/2 is divided by 22?
21
Let d = 7 - -6. Calculate the remainder when 25 is divided by d.
12
Let k(c) = 12*c - 5. What is the remainder when k(6) is divided by 34?
33
Let z(s) = s + 15. Let h be z(-11). Suppose h*w = -2 + 6. What is the remainder when 1 is divided by w?
0
Let h = 16 + -1. Let m(u) = -u**2 - 6*u - 5. Let g be m(-6). What is the remainder when -129*(g/(-3))/(-5) is divided by h?
13
Let f be (-92)/(-28) - 4/14. Suppose -v - f*x = -17, -4*x + 0*x + 19 = v. Calculate the remainder when 19 is divided by v.
8
Let m(t) = -21*t**3 - 2*t - 3. Suppose 0 = 4*d - 2*o - 158, d - 47 = 2*o - 0*o. What is the remainder when d is divided by m(-1)?
17
Suppose -21 - 9 = -3*p. Suppose 0*b - b = -6. Suppose q - b = -0*q. What is the remainder when p is divided by q?
4
Let f(i) = 8*i**2 + 1. Suppose -5*z = -3*q - 91, -5*q + 64 = 4*z - 3*q. Calculate the remainder when z is divided by f(1).
8
Let d(g) = -g**2 + 3*g + 5*g + 3 - 5. Let m = 37 - 31. Calculate the remainder when d(6) is divided by m.
4
Suppose 3*u - 15 = 6*u. Let h = -3 - u. Suppose -3*j + 8 = -1, 0 = h*t + 5*j - 31. Calculate the remainder when t is divided by 5.
3
Let k = 12 - -5. Calculate the remainder when 84 is divided by k.
16
Let i(p) = 13*p - 8. What is the remainder when i(9) is divided by 57?
52
Suppose -5*s + 130 = j - 138, -4*j = -5*s + 278. Let b = -1 - 0. Let v = b + s. What is the remainder when v is divided by 18?
17
Suppose b = -0*b + 10. Let y be 2/9 + 1051/9. Suppose -3*c + 0*q + q + y = 0, -3*q - 78 = -2*c. What is the remainder when c is divided by b?
9
Suppose 2*w - 12 = -2. Let i be -3 + -3*(-4)/6. Calculate the remainder when i/3 - (-56)/6 is divided by w.
4
Suppose -5*a = -3*r + 108, -5*r + 10*r = -2*a + 211. Suppose r = 3*m - 40. Calculate the remainder when m is divided by 7.
6
Let b = -10 - -10. Suppose -v + b*c - 2*c + 32 = 0, -4*c + 160 = 5*v. Calculate the remainder when v is divided by 11.
10
Calculate the remainder when (-118)/(-5) - (-6)/15 is divided by (0 + (-52)/20)*-5.
11
Suppose -100 = -2*w + j - 2*j, 5*w - 224 = 4*j. Let u = 76 - w. What is the remainder when u is divided by 8?
4
Suppose -2*q + 1 + 38 = 3*g, -3 = q - 3*g. Calculate the remainder when 21 is divided by q.
9
Suppose 0 = 3*a, 0 = 3*s + s - 4*a + 44. Calculate the remainder when 23 is divided by s/22 + 26/4.
5
Let j(q) = q**3 - q**2 - q + 10. Suppose 0 = 2*g + 6, -4*y - 8*g + 12*g + 164 = 0. Calculate the remainder when y is divided by j(0).
8
Let r(c) = 3*c - 12. What is the remainder when 46 is divided by r(8)?
10
Suppose -f = -2*f + 4. Let y be 2/(-3*(-4)/18). Suppose -f*r = -y*r - 14. What is the remainder when r is divided by 5?
4
What is the remainder when 11 is divided by (5/(-6))/(9/(-54))?
1
Let z = -4 + -1. Let f(h) = -h**3 - 4*h**2 + 2*h + 4. Calculate the remainder when 54 is divided by f(z).
16
Let c = 16 - 9. Calculate the remainder when 27 is divided by c.
6
Let z = -4 + 5. What is the remainder when 1/(3/(-6)) + 5 is divided by z?
0
Let d(a) = 6*a**2 + 2*a + 2. What is the remainder when 261 is divided by d(-2)?
19
Let m = 49 + -27. What is the remainder when 65 is divided by m?
21
Suppose -4*u + p + 28 = -19, 0 = 3*u + 2*p - 38. What is the remainder when 43 is divided by u?
7
Suppose -3 = -k - 1. Suppose 0 = -k*h + h + 6. Suppose 33 = 4*s - 7. Calculate the remainder when s is divided by h.
4
Suppose p = -p + z + 44, -p = z - 28. What is the remainder when p is divided by 9?
6
Suppose 5*c + 34 = n, -4*c = -n + 36 + 1. Let s be (-4)/14 - (-18)/14. Suppose -16 = -u + s. Calculate the remainder when n is divided by u.
15
Let d(a) = -4*a - 44. What is the remainder when d(-14) is divided by 9?
3
Let v(q) = q**3 - 5*q**2 + 5*q - 2. Suppose -26 = -4*c - 5*j, -5*c + 0*c = 3*j - 26. Calculate the remainder when c is divided by v(4).
0
Let r = 22 + 1. What is the remainder when r is divided by 13?
10
Suppose 0 = 7*z - z - 186. Calculate the remainder when 59 is divided by z.
28
Suppose -44 = 5*y - 10*y + 2*w, -w = -3*y + 27. Suppose 4*z - 3*i - 17 = -2*i, y = 2*z - 2*i. What is the remainder when 9 is divided by z?
1
Let z(n) = -26*n**3 - n**2 + n + 1. Suppose 16 - 91 = -5*y. Suppose -3*a + 6 + y = 0. Calculate the remainder when z(-1) is divided by a.
4
Let p = -1 - -12. What is the remainder when 30 is divided by p?
8
Let d be -1 - (3 - (2 - 2)). Let b be 37/1*(-4)/d. Suppose -15 + b = 2*f